 = -y - 2 - y**2 + 2*y**2 + 0*y**2. Let d be 0/(-3 - 2/(-1)). Let x be d - ((-6)/2 + 0). Calculate w(x).
4
Let x = 12 + -12. Let a(k) = -2*k**3 + 0*k**3 + x*k + k**2 + k**3 - k - 1. Calculate a(0).
-1
Let b = 24 - 14. Suppose -5*m + b = -0*m. Let t(v) = -v**m + v**2 - 9*v**2. Give t(-1).
-9
Let g(f) be the second derivative of -f**5/10 + f**4/6 + f**3/3 - f**2/2 - 2*f. What is g(2)?
-5
Let f(o) be the first derivative of o**4/4 + 4*o**3/3 + 3*o**2/2 - 4*o + 66. Give f(-3).
-4
Suppose -2 = 3*v - 4*v. Suppose 0 = 3*i - 3, 4*s + 5*i + 13 = -v. Let q(m) be the first derivative of m**3/3 + 5*m**2/2 + 2*m - 1. Determine q(s).
2
Let g(m) = -m**2 - 6*m - 2. Suppose 0 = 2*u - 2*b - 6, -2*u - 2*u + 18 = -b. Suppose 0 = d + d + n + 10, u = -d + 5*n. What is g(d)?
3
Let i(p) = -3*p + 6. Let v(z) = 2*z - 7. Let n(a) = 5*i(a) + 4*v(a). Let k(s) = -15*s + 5. Let b(r) = 4*k(r) - 9*n(r). What is b(-3)?
-7
Let i(v) = -2*v**2 + v**2 + 8*v**2. Give i(1).
7
Suppose -4*u = -3*u - 5. Let h = 8 - u. Let a(k) = -k**3 + 4*k**2 - 3*k - 2. Give a(h).
-2
Let j(y) = -5*y - 2. Suppose 2*a + 8 = 4. Calculate j(a).
8
Let a = 8 + -5. Let j(r) = -8*r**3 - 20*r**2 - 17*r + 9. Let t(f) = 3*f**3 + 7*f**2 + 6*f - 3. Let z(d) = 4*j(d) + 11*t(d). Determine z(a).
-3
Let d(m) = -m**3 - 8*m**2 - 7*m. Suppose t + 0 = g - 4, -g = 4*t + 31. What is d(t)?
0
Let m(n) be the third derivative of 1/24*n**4 + 0*n - 1/3*n**3 + 0 - n**2. Let r be 6/10 - 24/(-10). Determine m(r).
1
Let k(h) = -h + 1. Let v(t) = 4*t - 1. Let w(b) = 2*k(b) + v(b). Suppose 0 + 3 = x. Suppose 0*u + 15 = -x*u. What is w(u)?
-9
Let u(d) = -2*d**3 + d**2 + 1. Let a(k) = -3*k**3 + 2*k**2 + 1. Let q(r) = -3*a(r) + 4*u(r). Let f be q(2). Let w(p) = 3*p + 5 - f - 1 - 2*p. Give w(-2).
1
Let g be 58/18 - 4/18. Suppose g*c + 2 = 4*c. Let s(q) = q - 4*q + c*q - 2*q. Give s(-2).
6
Let w = 18 - 16. Suppose 27 + 17 = 4*c. Let j(r) = -r**w + r - r + c*r**3 - 6*r**3 + r. Give j(1).
5
Let w(x) = 3*x**3 + 18*x**2 + 3. Let d(u) = -u**3 - 6*u**2 - 1. Let y(l) = 11*d(l) + 4*w(l). Suppose 5*h - 5*f = 10 - 50, 4*h + f + 22 = 0. Determine y(h).
1
Let d(a) = -a - 1. Let g(y) be the first derivative of 2/3*y**3 - 4 + y**2 - 2*y - 1/2*y**4. Let m be g(2). Determine d(m).
5
Let o(v) = -4*v + 0*v**3 + 7*v**2 + 6 - 4*v**2 - v**3 - 2. Give o(3).
-8
Let j(z) = z**3 - 4*z**2 - 6*z - 1. Suppose 4*g + 3 = 5*g. Suppose -2 = -3*a + 2*a. Let y be (-26)/(-6) + a/g. Give j(y).
-6
Let h(c) = -c**3 + 2*c**2 + 3*c + 3. Let o be (3 + 0)*(40/8 + -4). Give h(o).
3
Let t(f) = 4*f - 3. Let x(v) = -3*v + 4. Let l(k) = -5*t(k) - 6*x(k). What is l(-6)?
3
Let y(z) = z**2 - 3*z + 3. Suppose -3*r = -2*o - 4, 5*o + 2 - 5 = r. Give y(r).
1
Let z(i) = -4*i**2 + 4*i + 3. Suppose 0 = -3*u - 11*k + 6*k + 9, 3*u - 4*k = -18. What is z(u)?
-21
Let d(n) be the third derivative of n**5/15 + n**4/12 - n**3/3 - 2*n**2. Calculate d(-2).
10
Let p(q) = 2 + 1 - 2 - 4*q. Let o(i) = -5*i + 2. Let n(l) = 3*o(l) - 4*p(l). What is n(-5)?
-3
Suppose 4*a - 4 = 2*a. Let s(n) = -2*n - 6*n + a*n + 3*n. Give s(-1).
3
Let s be (2 + -4)/(1/(-6)). Let x be s/(-18)*3*-1. Suppose -3*i = 3*o - 4*i + 10, -4*o - 12 = -x*i. Let g(l) = -l**3 - 5*l**2 - 4*l + 3. Calculate g(o).
3
Let v(k) be the third derivative of -k**6/120 - k**5/60 + k**4/8 - k**3/2 - 4*k**2. What is v(-3)?
6
Let t(z) = 7*z**3 + 2*z**2 - 2*z + 1. Suppose p - 3*p = -6. Let m(d) = 5 - 2 - d**2 + d**p + d**2 + 3*d**2 + 3*d. Let n be m(-2). What is t(n)?
8
Let a(b) = -b**2 - 3*b + 1. Let j be a(-2). Let k(s) = -4*s**2 + 3*s + 1. Let z(m) = 9*m**2 - 5*m - 2. Let i(t) = 7*k(t) + 3*z(t). Give i(j).
10
Let m(v) = -v**2 - v - 1. Suppose -5*n = -12 - 8. Let r = -2 + n. Calculate m(r).
-7
Let h(l) = -l**2 - 4*l - 3. Suppose 3*z + 6 = -0. Calculate h(z).
1
Let g(k) = -k**3 + 6*k**2 + 2*k - 7. Let z(h) = -6*h - 30. Let v be z(-6). Calculate g(v).
5
Let f(k) = -3*k - 1. Let m(u) = -2*u - 1. Let w(b) = 5*f(b) - 6*m(b). Let y be ((-18)/8)/((-24)/(-128)). Let v be y/9 - (-2)/(-3). Determine w(v).
7
Let s(d) = 10*d + 1. Let c = 6 + 1. Let b(x) = 3*x. Let t(q) = c*b(q) - 2*s(q). Determine t(4).
2
Let a(n) = -2 - n + 2*n + 1. Let z(l) = -1. Let k(d) = -3*d + 10. Let c(m) = -k(m) - 5*z(m). Let q(v) = 2*a(v) - c(v). Determine q(2).
1
Let w(f) = f**3 + 4*f**2 - 2*f - 6. Let i be w(-4). Let t = 0 + i. Let m(x) = 2 - 3*x - 3*x + 0*x**3 - 3*x**2 + x**3 + 8*x. Calculate m(t).
2
Let k(d) = -d**3 - 5*d**2 - 10*d + 2. Let j(y) = -y**3 - 5*y**2 - 9*y + 1. Let a(q) = 6*j(q) - 5*k(q). Determine a(-4).
-4
Let u(a) be the first derivative of a**4/4 - 7*a**3/3 + 3*a**2 - 5*a + 9. Give u(6).
-5
Let l(h) = -4*h**3 - 7*h**2 + 2*h - 2. Let s(o) = o**3 + o**2 - o. Let y(w) = -l(w) - 3*s(w). Calculate y(-4).
-2
Let v(c) be the first derivative of -c**3/3 - c**2/2 + 8. Give v(-2).
-2
Let r(l) be the second derivative of l**5/20 + 5*l**4/12 + l**3/3 + 3*l**2/2 - l. What is r(-4)?
11
Let r(q) = q**3 - 7*q**2 + 7*q - 3. Let b be -2*6/42 + (-88)/(-14). Give r(b).
3
Let i(n) = -n + 9. Suppose 2*u - 5 = 7. Let a be u/(-10) - 6/(-10). What is i(a)?
9
Let j(a) = a + 1 - 3 - 3. Let n be j(10). Let i(b) = b - 8. Calculate i(n).
-3
Let s(q) = 3 - 1 - 5*q - 4 + 6*q. Let a(z) = z**3 - 3*z - 1 + 0*z + 2. Let p be a(2). Give s(p).
1
Let d(z) = -z**2 + 4*z + 3. Let f be d(4). Let h(k) = k**2 - k - 4. Calculate h(f).
2
Let i(u) = -6*u + 1. Let p = -70 + 72. Give i(p).
-11
Let c(m) be the first derivative of m**7/420 + m**6/120 - m**4/24 - m**3 + 2. Let v(x) be the third derivative of c(x). What is v(-2)?
-5
Let p(r) = r**2 - 6*r - 5. Let y be p(7). Let f(v) = 2*v - 1. Give f(y).
3
Let a(s) = 6*s - 7. Suppose 0 = 2*g + 2*g - 16. Let b(i) be the second derivative of 7*i**3/6 - 4*i**2 - 5*i. Let w(x) = g*b(x) - 5*a(x). Calculate w(3).
-3
Let d = 5 + -3. Suppose 2 = d*i - 2. Let x(a) = 6*a + 2 + 0 - a + a**i. Calculate x(-2).
-4
Suppose 4*p - 6 = 2. Let g(k) = -4*k**2 + 1. Give g(p).
-15
Let v(a) be the third derivative of -a**9/12096 - a**8/20160 - a**7/5040 + a**5/12 + a**2. Let u(h) be the third derivative of v(h). Calculate u(-1).
5
Suppose -8 = 4*t, 2*w + 4*t = -2 - 16. Let o(q) be the third derivative of 0 + 0*q + 1/4*q**4 - 5/6*q**3 - 5*q**2 + 1/60*q**5. Determine o(w).
-10
Let r(n) = -n + 19*n**2 - 1 - 9*n**2 - 8*n**2. Calculate r(-1).
2
Let n(t) = t**3 + 7*t**2 - 7*t + 5. Let x be n(-8). Let b be 1/((-3)/54*x). Let h(m) = -m**3 + 6*m**2 + 4. What is h(b)?
4
Let s(a) = -a**2 + 6*a - 6. Let d(q) = q**3 - 6*q**2 - q + 8. Let v be d(6). Suppose -o - 5*k + 17 = -3*o, -v*k + 14 = o. What is s(o)?
2
Let a be 118/6 + 2/6. Let d(n) = n**2 + 8*n - 4. Let k be d(-9). Suppose -j = 2*j + 3, -3*x = -k*j - a. Let i(h) = h - 7. What is i(x)?
-2
Suppose 2*y + 2 - 12 = 0. Let a(n) = y*n**2 + 0*n + 1 + n - 14*n**2. What is a(-1)?
-9
Let g(q) be the first derivative of -1/2*q**2 + 2 - 3*q. Let k be ((-6)/8)/((-4)/(-16)). Determine g(k).
0
Let i(g) = -g**3 - 16*g - 6*g**2 - 10*g + 39*g - 14*g - 7. Let n be (-1)/(2/12)*1. What is i(n)?
-1
Let p(b) = -2*b**2 + 21*b - 9. Let o(r) = r**2 - 11*r + 4. Let s(t) = 5*o(t) + 3*p(t). What is s(5)?
8
Let i(o) = o**2 + 1 + 10*o + 4 + 5 - 4. Give i(-4).
-18
Let a = -19 - -14. Let r(h) = -h**2 - 7*h - 6. Determine r(a).
4
Let h(o) = -6*o + 6*o**2 + 3 - 2*o + 6*o. Determine h(2).
23
Let t(s) be the first derivative of -s**4/4 - 3*s**3 - 7*s**2/2 + s - 3. Give t(-8).
-7
Let o(v) be the second derivative of v**3/6 - v. Give o(-6).
-6
Let j be 36/21 + (-2)/(-7). Let z(m) = -m + j*m - 3*m - 9 + 4. Give z(-4).
3
Let r(k) = 10 - 41*k - 3 - k**3 + 6*k**2 + 36*k. Determine r(5).
7
Let s(r) be the third derivative of -r**5/60 - 5*r**4/24 + 5*r**3/6 + 2*r**2. Suppose -5*b - 4 = 21. Calculate s(b).
5
Let g(n) = -13*n + 28. Let i(v) = 3*v - 7. Let a(p) = -2*g(p) - 9*i(p). Let w be a(5). Let m(y) = 2*y + 2 + 0*y - 5*y**w - 4*y**3 + 3*y**3. Determine m(-5).
-8
Suppose 0 = -4*s + 3*u + 7, -5*s + 2*u = 4*u - 26. Suppose s*o = 5*o + 1. Let r(p) = -2*p**3 + p**2 - p - 1. What is r(o)?
3
Let o(f) be the second derivative of -f**5/20 + f**4/6 + f**3/2 - f**2 + 3*f. Suppose 4*n + 3*d - 11 = 0, d = 3*n + 6 + 2. Let b = n - -4. Determine o(b).
-2
Suppose -5*d + 4*q = -32, 5*d - 2*q - 29 = q. Let y(a) = 2*a + 1 + d*a**2 - 7*a**2 + 6*a**2. Suppose 2*w = 2*z, 0 = -2*z + 6*z + 5*w + 9. What is y(z)?
2